{"id":230,"date":"2025-11-07T01:10:26","date_gmt":"2025-11-07T00:10:26","guid":{"rendered":"https:\/\/eshop.stanicepavlov.cz\/?post_type=product&#038;p=230"},"modified":"2025-12-27T23:01:58","modified_gmt":"2025-12-27T22:01:58","slug":"platena-taska-sovy","status":"publish","type":"product","link":"https:\/\/eshop.stanicepavlov.cz\/?product=platena-taska-sovy","title":{"rendered":"Pl\u00e1t\u011bn\u00e1 ta\u0161ka &#8211; Sovy"},"content":{"rendered":"<div><span style=\"font-family: arial, sans-serif\"><strong>Pl\u00e1t\u011bn\u00e1 ta\u0161ka<\/strong>\u00a0v re\u017en\u00e9 barv\u011b s dvojit\u00fdmi uchy poti\u0161t\u011bn\u00e1\u00a0na\u0161\u00edm autorsk\u00fdm motivem\u00a0se\u00a0<strong>sovami<\/strong><strong>.<\/strong>\u00a0Rozm\u011br\u00a0<strong>42x36x10 cm<\/strong>.<\/span><\/div>\n<div>\n<p><span style=\"font-family: arial, sans-serif\"><strong>Pl\u00e1t\u011bn\u00e1 ta\u0161ka<\/strong>\u00a0s na\u0161im autorsk\u00fdm potiskem\u00a0v obl\u00edben\u00e9m motivu \u010desk\u00fdch\u00a0<strong>sov<\/strong>.<\/span><\/p>\n<p><span style=\"font-family: arial, sans-serif\">\u00a0<\/span><\/p>\n<p><span style=\"font-family: arial, sans-serif\">&#8211; rozm\u011bry: 420x380x100 mm<\/span><\/p>\n<p><span style=\"font-family: arial, sans-serif\">&#8211; ta\u0161ka je vyrobena ze 340g\/m2 bavln\u011bn\u00e9ho pl\u00e1tna<\/span><\/p>\n<p><span style=\"font-family: arial, sans-serif\">&#8211; objem ta\u0161ky 18L<\/span><\/p>\n<p><span style=\"font-family: arial, sans-serif\">&#8211; dvojit\u00e1 bavln\u011bn\u00e1 ucha pro pohodln\u00e9 no\u0161en\u00ed, men\u0161\u00ed v d\u00e9lce 50 cm a v\u011bt\u0161\u00ed v d\u00e9lce 80 cm s pos\u00edlen\u00fdm k\u0159\u00ed\u017eov\u00fdm pro\u0161it\u00edm pro vy\u0161\u0161\u00ed nosnost a odolnost.<\/span><\/p>\n<p><span style=\"font-family: arial, sans-serif\">\u00a0<\/span><\/p>\n<p><span style=\"font-family: arial, sans-serif\"><em><strong>&#8211; Doporu\u010dujeme pouze ru\u010dn\u00ed pran\u00ed.<\/strong><\/em><br \/>\n<em><strong>&#8211; \u017dehlete naruby nebo p\u0159es pe\u010dic\u00ed pap\u00edr<\/strong><strong>.<\/strong><\/em><br \/>\n<em><strong>&#8211; Vyhn\u011bte se:\u00a0<\/strong>b\u011blidl\u016fm, aviv\u00e1\u017ei a dal\u0161\u00edm chemick\u00fdm p\u0159\u00edpravk\u016fm.<\/em><\/span><\/p>\n<p>Do na\u0161\u00ed nab\u00eddky jsme za\u0159adili v\u00fdrobek od <strong data-start=\"409\" data-end=\"437\">ePiP\u00ed \u2013 prodejny radost\u00ed<\/strong>, proto\u017ee sv\u00fdm motivem kr\u00e1sn\u011b vystihuje to, co m\u00e1me r\u00e1di \u2013 <strong data-start=\"496\" data-end=\"517\">zv\u00ed\u0159ata a p\u0159\u00edrodu<\/strong>.<\/p>\n<\/div>\n","protected":false},"excerpt":{"rendered":"<p>Pl\u00e1t\u011bn\u00e1 ta\u0161ka\u00a0v re\u017en\u00e9 barv\u011b s dvojit\u00fdmi uchy poti\u0161t\u011bn\u00e1\u00a0na\u0161\u00edm autorsk\u00fdm motivem\u00a0se\u00a0sovami.\u00a0Rozm\u011br\u00a042x36x10 cm. Pl\u00e1t\u011bn\u00e1 ta\u0161ka\u00a0s na\u0161im autorsk\u00fdm potiskem\u00a0v obl\u00edben\u00e9m motivu \u010desk\u00fdch\u00a0sov. \u00a0 &#8211; rozm\u011bry: 420x380x100 mm &#8211; ta\u0161ka je vyrobena ze 340g\/m2 bavln\u011bn\u00e9ho pl\u00e1tna &#8211; objem ta\u0161ky 18L &#8211; dvojit\u00e1 bavln\u011bn\u00e1 ucha pro pohodln\u00e9 no\u0161en\u00ed, men\u0161\u00ed v d\u00e9lce 50 cm a v\u011bt\u0161\u00ed v d\u00e9lce 80 cm s [&hellip;]<\/p>\n","protected":false},"featured_media":267,"comment_status":"open","ping_status":"closed","template":"","meta":[],"product_brand":[],"product_cat":[15],"product_tag":[],"class_list":{"0":"post-230","1":"product","2":"type-product","3":"status-publish","4":"has-post-thumbnail","6":"product_cat-nezarazene","8":"first","9":"instock","10":"shipping-taxable","11":"purchasable","12":"product-type-simple"},"_links":{"self":[{"href":"https:\/\/eshop.stanicepavlov.cz\/index.php?rest_route=\/wp\/v2\/product\/230","targetHints":{"allow":["GET"]}}],"collection":[{"href":"https:\/\/eshop.stanicepavlov.cz\/index.php?rest_route=\/wp\/v2\/product"}],"about":[{"href":"https:\/\/eshop.stanicepavlov.cz\/index.php?rest_route=\/wp\/v2\/types\/product"}],"replies":[{"embeddable":true,"href":"https:\/\/eshop.stanicepavlov.cz\/index.php?rest_route=%2Fwp%2Fv2%2Fcomments&post=230"}],"wp:featuredmedia":[{"embeddable":true,"href":"https:\/\/eshop.stanicepavlov.cz\/index.php?rest_route=\/wp\/v2\/media\/267"}],"wp:attachment":[{"href":"https:\/\/eshop.stanicepavlov.cz\/index.php?rest_route=%2Fwp%2Fv2%2Fmedia&parent=230"}],"wp:term":[{"taxonomy":"product_brand","embeddable":true,"href":"https:\/\/eshop.stanicepavlov.cz\/index.php?rest_route=%2Fwp%2Fv2%2Fproduct_brand&post=230"},{"taxonomy":"product_cat","embeddable":true,"href":"https:\/\/eshop.stanicepavlov.cz\/index.php?rest_route=%2Fwp%2Fv2%2Fproduct_cat&post=230"},{"taxonomy":"product_tag","embeddable":true,"href":"https:\/\/eshop.stanicepavlov.cz\/index.php?rest_route=%2Fwp%2Fv2%2Fproduct_tag&post=230"}],"curies":[{"name":"wp","href":"https:\/\/api.w.org\/{rel}","templated":true}]}}